{"id":14,"date":"2023-04-15T20:06:03","date_gmt":"2023-04-15T18:06:03","guid":{"rendered":"http:\/\/www.lanouvellejerusalem.be\/newsite\/?page_id=14"},"modified":"2023-06-27T09:34:26","modified_gmt":"2023-06-27T07:34:26","slug":"contact","status":"publish","type":"page","link":"https:\/\/www.lanouvellejerusalem.be\/index.php\/contact\/","title":{"rendered":"L&rsquo;\u00e9quipe pastorale"},"content":{"rendered":"\n<div class=\"wp-block-columns is-layout-flex wp-container-core-columns-is-layout-28f84493 wp-block-columns-is-layout-flex\">\n<div class=\"wp-block-column is-layout-flow wp-block-column-is-layout-flow\" style=\"flex-basis:10px\"><\/div>\n\n\n\n<div class=\"wp-block-column is-layout-flow wp-block-column-is-layout-flow\">\t\t<div class='wp-block-tsb-team  align' id='tsbTeamMembers-6e4bc827-3' data-attributes='{&quot;cId&quot;:&quot;6e4bc827-3&quot;,&quot;members&quot;:[{&quot;background&quot;:{&quot;color&quot;:&quot;#0000&quot;},&quot;border&quot;:{&quot;radius&quot;:&quot;3px&quot;},&quot;shadow&quot;:{&quot;shadow&quot;:[{&quot;hOffset&quot;:&quot;&quot;,&quot;vOffset&quot;:&quot;&quot;,&quot;blur&quot;:&quot;0px&quot;,&quot;color&quot;:&quot;#7090b0&quot;}]},&quot;photo&quot;:{&quot;id&quot;:308,&quot;url&quot;:&quot;http:\\\/\\\/www.lanouvellejerusalem.be\\\/newsite\\\/wp-content\\\/uploads\\\/2023\\\/05\\\/WhatsApp-Image-2023-05-30-at-13.54.18-e1686242837561.jpeg&quot;,&quot;alt&quot;:&quot;&quot;,&quot;title&quot;:&quot;WhatsApp-Image-2023-05-30-at-13.54.18&quot;},&quot;photoBorder&quot;:{&quot;radius&quot;:&quot;50%&quot;,&quot;width&quot;:&quot;0px&quot;,&quot;color&quot;:&quot;#0000&quot;},&quot;name&quot;:&quot;Pasteur titulaire&quot;,&quot;nameColor&quot;:&quot;#333&quot;,&quot;title&quot;:&quot;Didier &lt;strong&gt;Mutyebele&lt;\\\/strong&gt;&quot;,&quot;titleColor&quot;:&quot;#333&quot;,&quot;separator&quot;:{&quot;width&quot;:&quot;20%&quot;,&quot;height&quot;:&quot;3px&quot;,&quot;color&quot;:&quot;#777&quot;},&quot;bio&quot;:&quot;Sur rdv &lt;br&gt;tous les mardis de 13h \\u00e0&lt;br&gt;16h30 et les vendredis&lt;br&gt;\\u00e0 partir de 15h au 02 245 06 59 ou sur son GSM&quot;,&quot;bioColor&quot;:&quot;#333&quot;,&quot;social&quot;:[],&quot;socialIconColors&quot;:{&quot;type&quot;:&quot;object&quot;,&quot;default&quot;:{&quot;color&quot;:&quot;#fff&quot;,&quot;bg&quot;:&quot;#4527a4&quot;},&quot;color&quot;:&quot;#fff&quot;,&quot;bg&quot;:&quot;#4527a4&quot;}},{&quot;background&quot;:{&quot;color&quot;:&quot;#0000&quot;},&quot;border&quot;:{&quot;radius&quot;:&quot;3px&quot;},&quot;shadow&quot;:{&quot;shadow&quot;:[{&quot;hOffset&quot;:&quot;&quot;,&quot;vOffset&quot;:&quot;&quot;,&quot;blur&quot;:&quot;0px&quot;,&quot;color&quot;:&quot;#7090b0&quot;}]},&quot;photo&quot;:{&quot;id&quot;:309,&quot;url&quot;:&quot;http:\\\/\\\/www.lanouvellejerusalem.be\\\/newsite\\\/wp-content\\\/uploads\\\/2023\\\/05\\\/DSC_0532-scaled-e1686242762622.jpg&quot;,&quot;alt&quot;:&quot;&quot;,&quot;title&quot;:&quot;DSC_0532&quot;},&quot;photoBorder&quot;:{&quot;radius&quot;:&quot;50%&quot;,&quot;width&quot;:&quot;0px&quot;,&quot;color&quot;:&quot;#0000&quot;},&quot;name&quot;:&quot;Pasteure&quot;,&quot;nameColor&quot;:&quot;#333&quot;,&quot;title&quot;:&quot;Bertine &lt;strong&gt;Biatshini&lt;\\\/strong&gt;&quot;,&quot;titleColor&quot;:&quot;#333&quot;,&quot;separator&quot;:{&quot;width&quot;:&quot;20%&quot;,&quot;height&quot;:&quot;3px&quot;,&quot;color&quot;:&quot;#777&quot;},&quot;bio&quot;:&quot;Responsable du d\\u00e9partement social et diaconal&lt;br&gt;Sur rdv tous les mercredis au 02 245 06 59&quot;,&quot;bioColor&quot;:&quot;#333&quot;,&quot;social&quot;:[],&quot;socialIconColors&quot;:{&quot;type&quot;:&quot;object&quot;,&quot;default&quot;:{&quot;color&quot;:&quot;#fff&quot;,&quot;bg&quot;:&quot;#4527a4&quot;},&quot;color&quot;:&quot;#fff&quot;,&quot;bg&quot;:&quot;#4527a4&quot;}},{&quot;background&quot;:{&quot;color&quot;:&quot;#0000&quot;},&quot;border&quot;:{&quot;radius&quot;:&quot;3px&quot;},&quot;shadow&quot;:{&quot;shadow&quot;:[{&quot;hOffset&quot;:&quot;&quot;,&quot;vOffset&quot;:&quot;&quot;,&quot;blur&quot;:&quot;0px&quot;,&quot;color&quot;:&quot;#7090b0&quot;}]},&quot;photo&quot;:{&quot;id&quot;:310,&quot;url&quot;:&quot;http:\\\/\\\/www.lanouvellejerusalem.be\\\/newsite\\\/wp-content\\\/uploads\\\/2023\\\/05\\\/DSC_0028-scaled-e1686242934813.jpg&quot;,&quot;alt&quot;:&quot;&quot;,&quot;title&quot;:&quot;DSC_0028&quot;},&quot;photoBorder&quot;:{&quot;radius&quot;:&quot;50%&quot;,&quot;width&quot;:&quot;0px&quot;,&quot;color&quot;:&quot;#0000&quot;},&quot;name&quot;:&quot;Pasteur&quot;,&quot;nameColor&quot;:&quot;#333&quot;,&quot;title&quot;:&quot;Jean-Robert &lt;strong&gt;Kimpiatu&lt;\\\/strong&gt;&quot;,&quot;titleColor&quot;:&quot;#333&quot;,&quot;separator&quot;:{&quot;width&quot;:&quot;20%&quot;,&quot;height&quot;:&quot;3px&quot;,&quot;color&quot;:&quot;#777&quot;},&quot;bio&quot;:&quot;Responsable des couples&lt;br&gt;Sur rdv au 02 245 06 59 ou sur son GSM&quot;,&quot;bioColor&quot;:&quot;#333&quot;,&quot;social&quot;:[],&quot;socialIconColors&quot;:{&quot;type&quot;:&quot;object&quot;,&quot;default&quot;:{&quot;color&quot;:&quot;#fff&quot;,&quot;bg&quot;:&quot;#4527a4&quot;},&quot;color&quot;:&quot;#fff&quot;,&quot;bg&quot;:&quot;#4527a4&quot;}},{&quot;background&quot;:{&quot;color&quot;:&quot;#0000&quot;},&quot;border&quot;:{&quot;radius&quot;:&quot;3px&quot;},&quot;shadow&quot;:{&quot;shadow&quot;:[{&quot;hOffset&quot;:&quot;&quot;,&quot;vOffset&quot;:&quot;&quot;,&quot;blur&quot;:&quot;0px&quot;,&quot;color&quot;:&quot;#7090b0&quot;}]},&quot;photo&quot;:{&quot;id&quot;:311,&quot;url&quot;:&quot;http:\\\/\\\/www.lanouvellejerusalem.be\\\/newsite\\\/wp-content\\\/uploads\\\/2023\\\/05\\\/WhatsApp-Image-2023-05-30-at-13.51.54-e1686242875712.jpeg&quot;,&quot;alt&quot;:&quot;&quot;,&quot;title&quot;:&quot;WhatsApp-Image-2023-05-30-at-13.51.54&quot;},&quot;photoBorder&quot;:{&quot;radius&quot;:&quot;50%&quot;,&quot;width&quot;:&quot;0px&quot;,&quot;color&quot;:&quot;#0000&quot;},&quot;name&quot;:&quot;Pasteure&quot;,&quot;nameColor&quot;:&quot;#333&quot;,&quot;title&quot;:&quot;Nina &lt;strong&gt;Kiswaka&lt;\\\/strong&gt;&quot;,&quot;titleColor&quot;:&quot;#333&quot;,&quot;separator&quot;:{&quot;width&quot;:&quot;20%&quot;,&quot;height&quot;:&quot;3px&quot;,&quot;color&quot;:&quot;#777&quot;},&quot;bio&quot;:&quot;Permanence sociale pour tous vos besoins d&#039;ordre administratif, juridique ou social&lt;br&gt; Sans rdv au 02 245 06 59&quot;,&quot;bioColor&quot;:&quot;#333&quot;,&quot;social&quot;:[],&quot;socialIconColors&quot;:{&quot;type&quot;:&quot;object&quot;,&quot;default&quot;:{&quot;color&quot;:&quot;#fff&quot;,&quot;bg&quot;:&quot;#4527a4&quot;},&quot;color&quot;:&quot;#fff&quot;,&quot;bg&quot;:&quot;#4527a4&quot;}}],&quot;columns&quot;:{&quot;desktop&quot;:4,&quot;tablet&quot;:2,&quot;mobile&quot;:1},&quot;columnGap&quot;:&quot;10px&quot;,&quot;rowGap&quot;:&quot;10px&quot;,&quot;padding&quot;:{&quot;vertical&quot;:&quot;50px&quot;,&quot;horizontal&quot;:&quot;20px&quot;,&quot;side&quot;:4,&quot;top&quot;:&quot;20px&quot;,&quot;right&quot;:&quot;20px&quot;,&quot;bottom&quot;:&quot;20px&quot;,&quot;left&quot;:&quot;20px&quot;},&quot;photoWidth&quot;:&quot;1800px&quot;,&quot;photoMargin&quot;:{&quot;side&quot;:4,&quot;bottom&quot;:&quot;0px&quot;,&quot;top&quot;:&quot;0px&quot;,&quot;right&quot;:&quot;0px&quot;,&quot;left&quot;:&quot;0px&quot;,&quot;vertical&quot;:&quot;0px&quot;,&quot;horizontal&quot;:&quot;0px&quot;},&quot;nameTypo&quot;:{&quot;fontSize&quot;:20,&quot;fontWeight&quot;:600,&quot;textTransform&quot;:&quot;none&quot;},&quot;nameMargin&quot;:{&quot;side&quot;:4,&quot;bottom&quot;:&quot;10px&quot;},&quot;titleTypo&quot;:{&quot;fontSize&quot;:16,&quot;textTransform&quot;:&quot;none&quot;},&quot;titleMargin&quot;:{&quot;side&quot;:4,&quot;bottom&quot;:&quot;0px&quot;},&quot;sepMargin&quot;:{&quot;side&quot;:4,&quot;bottom&quot;:&quot;3px&quot;},&quot;bioTypo&quot;:{&quot;fontSize&quot;:15},&quot;bioMargin&quot;:{&quot;side&quot;:4,&quot;bottom&quot;:&quot;0px&quot;},&quot;socialIconMargin&quot;:{&quot;side&quot;:2,&quot;vertical&quot;:&quot;10px&quot;,&quot;horizontal&quot;:&quot;10px&quot;},&quot;align&quot;:&quot;&quot;,&quot;layout&quot;:&quot;vertical&quot;,&quot;theme&quot;:&quot;default&quot;,&quot;isLinkNewTab&quot;:false,&quot;textAlign&quot;:&quot;center&quot;,&quot;isTitle&quot;:true,&quot;isSep&quot;:true,&quot;isBio&quot;:true,&quot;isSocial&quot;:true,&quot;socialSize&quot;:&quot;22px&quot;}'><\/div>\r\n\r\n\t\t\n\n\t\t<div class='wp-block-tsb-team  align' id='tsbTeamMembers-3d18655a-4' data-attributes='{&quot;cId&quot;:&quot;3d18655a-4&quot;,&quot;members&quot;:[{&quot;background&quot;:{&quot;color&quot;:&quot;#0000&quot;},&quot;border&quot;:{&quot;radius&quot;:&quot;3px&quot;},&quot;shadow&quot;:{&quot;shadow&quot;:[{&quot;hOffset&quot;:&quot;&quot;,&quot;vOffset&quot;:&quot;&quot;,&quot;blur&quot;:&quot;0px&quot;,&quot;color&quot;:&quot;#7090b0&quot;}]},&quot;photo&quot;:{&quot;id&quot;:504,&quot;url&quot;:&quot;http:\\\/\\\/www.lanouvellejerusalem.be\\\/newsite\\\/wp-content\\\/uploads\\\/2023\\\/06\\\/DSC_0390-scaled-e1686960068193.jpg&quot;,&quot;alt&quot;:&quot;&quot;,&quot;title&quot;:&quot;DSC_0390&quot;},&quot;photoBorder&quot;:{&quot;radius&quot;:&quot;50%&quot;,&quot;width&quot;:&quot;0px&quot;,&quot;color&quot;:&quot;#0000&quot;},&quot;name&quot;:&quot;Pasteure&quot;,&quot;nameColor&quot;:&quot;#333&quot;,&quot;title&quot;:&quot;Annie &lt;strong&gt;Muadi&lt;\\\/strong&gt;&quot;,&quot;titleColor&quot;:&quot;#333&quot;,&quot;separator&quot;:{&quot;width&quot;:&quot;20%&quot;,&quot;height&quot;:&quot;3px&quot;,&quot;color&quot;:&quot;#777&quot;},&quot;bio&quot;:&quot;Responsable du service de visites aux malades et du minist\\u00e8re de traduction et interpr\\u00e9tariat&lt;br&gt;&quot;,&quot;bioColor&quot;:&quot;#333&quot;,&quot;social&quot;:[],&quot;socialIconColors&quot;:{&quot;type&quot;:&quot;object&quot;,&quot;default&quot;:{&quot;color&quot;:&quot;#fff&quot;,&quot;bg&quot;:&quot;#4527a4&quot;},&quot;color&quot;:&quot;#fff&quot;,&quot;bg&quot;:&quot;#4527a4&quot;}},{&quot;background&quot;:{&quot;color&quot;:&quot;#0000&quot;},&quot;border&quot;:{&quot;radius&quot;:&quot;3px&quot;},&quot;shadow&quot;:{&quot;shadow&quot;:[{&quot;hOffset&quot;:&quot;&quot;,&quot;vOffset&quot;:&quot;&quot;,&quot;blur&quot;:&quot;0px&quot;,&quot;color&quot;:&quot;#7090b0&quot;}]},&quot;photo&quot;:{&quot;id&quot;:446,&quot;url&quot;:&quot;http:\\\/\\\/www.lanouvellejerusalem.be\\\/newsite\\\/wp-content\\\/uploads\\\/2023\\\/06\\\/DSC_0267-scaled-e1686952516684.jpg&quot;,&quot;alt&quot;:&quot;&quot;,&quot;title&quot;:&quot;DSC_0267&quot;},&quot;photoBorder&quot;:{&quot;radius&quot;:&quot;50%&quot;,&quot;width&quot;:&quot;0px&quot;,&quot;color&quot;:&quot;#0000&quot;},&quot;name&quot;:&quot;Pasteur&quot;,&quot;nameColor&quot;:&quot;#333&quot;,&quot;title&quot;:&quot; Tito &lt;strong&gt;Mutyebele&lt;\\\/strong&gt;&quot;,&quot;titleColor&quot;:&quot;#333&quot;,&quot;separator&quot;:{&quot;width&quot;:&quot;20%&quot;,&quot;height&quot;:&quot;3px&quot;,&quot;color&quot;:&quot;#777&quot;},&quot;bio&quot;:&quot;Responsable du d\\u00e9partement des jeunes et des ados&quot;,&quot;bioColor&quot;:&quot;#333&quot;,&quot;social&quot;:[],&quot;socialIconColors&quot;:{&quot;type&quot;:&quot;object&quot;,&quot;default&quot;:{&quot;color&quot;:&quot;#fff&quot;,&quot;bg&quot;:&quot;#4527a4&quot;},&quot;color&quot;:&quot;#fff&quot;,&quot;bg&quot;:&quot;#4527a4&quot;}},{&quot;background&quot;:{&quot;color&quot;:&quot;#0000&quot;},&quot;border&quot;:{&quot;radius&quot;:&quot;3px&quot;},&quot;shadow&quot;:{&quot;shadow&quot;:[{&quot;hOffset&quot;:&quot;&quot;,&quot;vOffset&quot;:&quot;&quot;,&quot;blur&quot;:&quot;0px&quot;,&quot;color&quot;:&quot;#7090b0&quot;}]},&quot;photo&quot;:{&quot;id&quot;:447,&quot;url&quot;:&quot;http:\\\/\\\/www.lanouvellejerusalem.be\\\/newsite\\\/wp-content\\\/uploads\\\/2023\\\/06\\\/DSC_0212-scaled-e1686952591246.jpg&quot;,&quot;alt&quot;:&quot;&quot;,&quot;title&quot;:&quot;DSC_0212&quot;},&quot;photoBorder&quot;:{&quot;radius&quot;:&quot;50%&quot;,&quot;width&quot;:&quot;0px&quot;,&quot;color&quot;:&quot;#0000&quot;},&quot;name&quot;:&quot;Pasteur&quot;,&quot;nameColor&quot;:&quot;#333&quot;,&quot;title&quot;:&quot;Th\\u00e9o &lt;strong&gt;Bengi&lt;\\\/strong&gt;&quot;,&quot;titleColor&quot;:&quot;#333&quot;,&quot;separator&quot;:{&quot;width&quot;:&quot;20%&quot;,&quot;height&quot;:&quot;3px&quot;,&quot;color&quot;:&quot;#777&quot;},&quot;bio&quot;:&quot;Responsable de la pri\\u00e8re matinale et en charge des cours d\\u2019affermissements dans la foi&quot;,&quot;bioColor&quot;:&quot;#333&quot;,&quot;social&quot;:[],&quot;socialIconColors&quot;:{&quot;type&quot;:&quot;object&quot;,&quot;default&quot;:{&quot;color&quot;:&quot;#fff&quot;,&quot;bg&quot;:&quot;#4527a4&quot;},&quot;color&quot;:&quot;#fff&quot;,&quot;bg&quot;:&quot;#4527a4&quot;}},{&quot;background&quot;:{&quot;color&quot;:&quot;#0000&quot;},&quot;border&quot;:{&quot;radius&quot;:&quot;3px&quot;},&quot;shadow&quot;:{&quot;shadow&quot;:[{&quot;hOffset&quot;:&quot;&quot;,&quot;vOffset&quot;:&quot;&quot;,&quot;blur&quot;:&quot;0px&quot;,&quot;color&quot;:&quot;#7090b0&quot;}]},&quot;photo&quot;:{&quot;id&quot;:473,&quot;url&quot;:&quot;http:\\\/\\\/www.lanouvellejerusalem.be\\\/newsite\\\/wp-content\\\/uploads\\\/2023\\\/06\\\/DSC_0105-1-scaled-e1686955885218.jpg&quot;,&quot;alt&quot;:&quot;&quot;,&quot;title&quot;:&quot;DSC_0105&quot;},&quot;photoBorder&quot;:{&quot;radius&quot;:&quot;50%&quot;,&quot;width&quot;:&quot;0px&quot;,&quot;color&quot;:&quot;#0000&quot;},&quot;name&quot;:&quot;Pasteur&quot;,&quot;nameColor&quot;:&quot;#333&quot;,&quot;title&quot;:&quot;Serge &lt;strong&gt;Kiavila&lt;\\\/strong&gt;&quot;,&quot;titleColor&quot;:&quot;#333&quot;,&quot;separator&quot;:{&quot;width&quot;:&quot;20%&quot;,&quot;height&quot;:&quot;3px&quot;,&quot;color&quot;:&quot;#777&quot;},&quot;bio&quot;:&quot;Responsable de l&#039;\\u00e9quipe de louange et responsable adjoint de la musique&quot;,&quot;bioColor&quot;:&quot;#333&quot;,&quot;social&quot;:[],&quot;socialIconColors&quot;:{&quot;type&quot;:&quot;object&quot;,&quot;default&quot;:{&quot;color&quot;:&quot;#fff&quot;,&quot;bg&quot;:&quot;#4527a4&quot;},&quot;color&quot;:&quot;#fff&quot;,&quot;bg&quot;:&quot;#4527a4&quot;}}],&quot;columns&quot;:{&quot;desktop&quot;:4,&quot;tablet&quot;:2,&quot;mobile&quot;:1},&quot;columnGap&quot;:&quot;10px&quot;,&quot;rowGap&quot;:&quot;10px&quot;,&quot;padding&quot;:{&quot;vertical&quot;:&quot;50px&quot;,&quot;horizontal&quot;:&quot;20px&quot;,&quot;side&quot;:4,&quot;top&quot;:&quot;20px&quot;,&quot;right&quot;:&quot;20px&quot;,&quot;bottom&quot;:&quot;20px&quot;,&quot;left&quot;:&quot;20px&quot;},&quot;photoWidth&quot;:&quot;1800px&quot;,&quot;photoMargin&quot;:{&quot;side&quot;:4,&quot;bottom&quot;:&quot;0px&quot;,&quot;top&quot;:&quot;0px&quot;,&quot;right&quot;:&quot;0px&quot;,&quot;left&quot;:&quot;0px&quot;,&quot;vertical&quot;:&quot;0px&quot;,&quot;horizontal&quot;:&quot;0px&quot;},&quot;nameTypo&quot;:{&quot;fontSize&quot;:20,&quot;fontWeight&quot;:600,&quot;textTransform&quot;:&quot;none&quot;},&quot;nameMargin&quot;:{&quot;side&quot;:4,&quot;bottom&quot;:&quot;10px&quot;},&quot;titleTypo&quot;:{&quot;fontSize&quot;:16,&quot;textTransform&quot;:&quot;none&quot;},&quot;titleMargin&quot;:{&quot;side&quot;:4,&quot;bottom&quot;:&quot;0px&quot;},&quot;sepMargin&quot;:{&quot;side&quot;:4,&quot;bottom&quot;:&quot;3px&quot;},&quot;bioTypo&quot;:{&quot;fontSize&quot;:15},&quot;bioMargin&quot;:{&quot;side&quot;:4,&quot;bottom&quot;:&quot;0px&quot;},&quot;socialIconMargin&quot;:{&quot;side&quot;:2,&quot;vertical&quot;:&quot;10px&quot;,&quot;horizontal&quot;:&quot;10px&quot;},&quot;align&quot;:&quot;&quot;,&quot;layout&quot;:&quot;vertical&quot;,&quot;theme&quot;:&quot;default&quot;,&quot;isLinkNewTab&quot;:false,&quot;textAlign&quot;:&quot;center&quot;,&quot;isTitle&quot;:true,&quot;isSep&quot;:true,&quot;isBio&quot;:true,&quot;isSocial&quot;:true,&quot;socialSize&quot;:&quot;22px&quot;}'><\/div>\r\n\r\n\t\t<\/div>\n\n\n\n<div class=\"wp-block-column is-layout-flow wp-block-column-is-layout-flow\" style=\"flex-basis:10px\"><\/div>\n<\/div>\n\n\n\n<div class=\"wp-block-group alignfull has-global-padding is-layout-constrained wp-block-group-is-layout-constrained\">\n<div class=\"wp-block-columns alignfull are-vertically-aligned-center has-light-background-background-color has-background is-layout-flex wp-container-core-columns-is-layout-d7d455e7 wp-block-columns-is-layout-flex\" style=\"padding-top:0;padding-right:0;padding-bottom:0;padding-left:0\">\n<div class=\"wp-block-column is-layout-flow wp-block-column-is-layout-flow\" style=\"flex-basis:10%\"><\/div>\n\n\n\n<div class=\"wp-block-column is-vertically-aligned-center is-style-shadow has-global-padding is-layout-constrained wp-container-core-column-is-layout-55ddd8bc wp-block-column-is-layout-constrained\" style=\"padding-top:var(--wp--preset--spacing--small);padding-right:var(--wp--preset--spacing--small);padding-bottom:var(--wp--preset--spacing--small);padding-left:2%;flex-basis:80%\" id=\"rendez-vous\">\n<h2 class=\"wp-block-heading has-max-36-font-size\">Nos pasteurs sont \u00e0 votre \u00e9coute en cas de besoin ou de pri\u00e8re.<\/h2>\n\n\n\n<div class=\"wp-block-group has-global-padding is-layout-constrained wp-block-group-is-layout-constrained\">\n<p><\/p>\n\n\n\n<p class=\"has-primary-color has-text-color has-large-font-size\">Vous souhaitez vous marier ou suivre les le\u00e7ons de pr\u00e9paration au mariage ?<\/p>\n\n\n\n<p class=\"has-primary-color has-text-color has-large-font-size\">Vous souhaitez annoncer un d\u00e9c\u00e8s de votre proche ?<\/p>\n\n\n\n<p class=\"has-primary-color has-text-color has-large-font-size\">Vous souhaitez suivre des le\u00e7ons d&rsquo;affermissements ou vous faire baptiser ?<\/p>\n\n\n\n<p class=\"has-primary-color has-text-color has-large-font-size\">Vous souhaitez recevoir une visite ?<\/p>\n\n\n\n<h2 class=\"wp-block-heading has-max-36-font-size\"><br>T\u00e9l\u00e9phonez au 0032 2 245 06 59, de 9h \u00e0 16h, ou remplissez le formulaire de contact.<\/h2>\n\n\n\n<div style=\"height:16px\" aria-hidden=\"true\" class=\"wp-block-spacer\"><\/div>\n<\/div>\n\n\n\n<h2 class=\"wp-block-heading has-primary-color has-text-color has-max-36-font-size\">Formulaire de contact<\/h2>\n\n\n\n<div class=\"wp-block-columns is-not-stacked-on-mobile is-layout-flex wp-container-core-columns-is-layout-28f84493 wp-block-columns-is-layout-flex\">\n<div class=\"wp-block-column is-layout-flow wp-block-column-is-layout-flow\" style=\"flex-basis:1000px\">\n<form action=\"#\">\n\n  Nom et pr\u00e9nom\n  <input type=\"text\" id=\"name\" name=\"name\"><\/input>\n\n  <label for=\"email\">Votre adresse e-mail<\/label>\n  <input type=\"text\" id=\"email\" name=\"email\"><\/input>\n\n  Votre Sujet\n  <input type=\"phone\" id=\"phone\" name=\"phone\"><\/input>\n\n<\/form><form action=\"#\">\n  <label for=\"message\">Votre message<\/label>\n\n  <textarea id=\"message\" name=\"message\" style=\"height:200px\"><\/textarea>\n\n  <input type=\"submit\" value=\"Envoyer\"><\/input>\n\n<\/form>\n<\/div>\n<\/div>\n<\/div>\n\n\n\n<div class=\"wp-block-column is-layout-flow wp-block-column-is-layout-flow\" style=\"flex-basis:10%\"><\/div>\n<\/div>\n<\/div>\n","protected":false},"excerpt":{"rendered":"<p>Nos pasteurs sont \u00e0 votre \u00e9coute en cas de besoin ou de pri\u00e8re. Vous souhaitez vous marier ou suivre les le\u00e7ons de pr\u00e9paration au mariage ? Vous souhaitez annoncer un d\u00e9c\u00e8s de votre proche ? Vous souhaitez suivre des le\u00e7ons d&rsquo;affermissements ou vous faire baptiser ? Vous souhaitez recevoir une visite ? T\u00e9l\u00e9phonez au 0032 [&hellip;]<\/p>\n","protected":false},"author":1,"featured_media":0,"parent":0,"menu_order":0,"comment_status":"closed","ping_status":"closed","template":"","meta":{"_eb_attr":"","footnotes":""},"class_list":["post-14","page","type-page","status-publish","hentry"],"featured_media_urls":[],"mfb_rest_fields":["gutenberg_elementor_mode","featured_media_urls"],"_links":{"self":[{"href":"https:\/\/www.lanouvellejerusalem.be\/index.php\/wp-json\/wp\/v2\/pages\/14","targetHints":{"allow":["GET"]}}],"collection":[{"href":"https:\/\/www.lanouvellejerusalem.be\/index.php\/wp-json\/wp\/v2\/pages"}],"about":[{"href":"https:\/\/www.lanouvellejerusalem.be\/index.php\/wp-json\/wp\/v2\/types\/page"}],"author":[{"embeddable":true,"href":"https:\/\/www.lanouvellejerusalem.be\/index.php\/wp-json\/wp\/v2\/users\/1"}],"replies":[{"embeddable":true,"href":"https:\/\/www.lanouvellejerusalem.be\/index.php\/wp-json\/wp\/v2\/comments?post=14"}],"version-history":[{"count":43,"href":"https:\/\/www.lanouvellejerusalem.be\/index.php\/wp-json\/wp\/v2\/pages\/14\/revisions"}],"predecessor-version":[{"id":577,"href":"https:\/\/www.lanouvellejerusalem.be\/index.php\/wp-json\/wp\/v2\/pages\/14\/revisions\/577"}],"wp:attachment":[{"href":"https:\/\/www.lanouvellejerusalem.be\/index.php\/wp-json\/wp\/v2\/media?parent=14"}],"curies":[{"name":"wp","href":"https:\/\/api.w.org\/{rel}","templated":true}]}}