{"id":1644,"date":"2023-09-06T19:44:33","date_gmt":"2023-09-06T17:44:33","guid":{"rendered":"http:\/\/www.lanouvellejerusalem.be\/?page_id=1644"},"modified":"2023-09-06T19:44:33","modified_gmt":"2023-09-06T17:44:33","slug":"sur-les-traces-de-leveque-martin-lukanda-mutyebele-lexpansion-de-la-nouvelle-jerusalem","status":"publish","type":"page","link":"https:\/\/www.lanouvellejerusalem.be\/index.php\/sur-les-traces-de-leveque-martin-lukanda-mutyebele-lexpansion-de-la-nouvelle-jerusalem\/","title":{"rendered":"\u00ab\u00a0Sur les traces de l&rsquo;Ev\u00eaque Martin Lukanda Mutyebele\u00a0\u00bb &#8211; L&rsquo;expansion de La Nouvelle J\u00e9rusalem"},"content":{"rendered":"\n<p>Episode 5<\/p>\n\n\n\n<p>L\u2019\u00e9glise La Nouvelle J\u00e9rusalem continue sa progression. Certaines personnes viennent de loin pour assister aux cultes \u00e0 Bruxelles. Le Pasteur Martin d\u00e9cide alors d\u2019ouvrir d\u2019autres assembl\u00e9es. La premi\u00e8re \u00e0 Anvers, ensuite \u00e0 Li\u00e8ge et dans beaucoup d&rsquo;autres villes de Belgique. Nous parlerons \u00e9galement de nos conventions nationales, qui sont le symbole fort de l\u2019unit\u00e9 entre toutes nos \u00e9glises. Ainsi que du centre hospitalier La Mis\u00e9ricorde \u00e0 Kinkol\u00e9 en R\u00e9publique d\u00e9mocratique du Congo, qui est l\u2019une des \u0153uvres dont le Bishop \u00e9tait fier&nbsp;!<\/p>\n\n\n\n<p>Bon visionnage.<\/p>\n\n\n\n<p><\/p>\n\n\n\n<figure class=\"wp-block-embed is-type-video is-provider-youtube wp-block-embed-youtube wp-embed-aspect-16-9 wp-has-aspect-ratio\"><div class=\"wp-block-embed__wrapper\">\n<iframe loading=\"lazy\" title=\"Sur les traces de l&#039;\u00e9v\u00eaque Martin Mutyebele - \u00c9pisode 5: L\u2019expansion de La Nouvelle J\u00e9rusalem.\" width=\"500\" height=\"281\" src=\"https:\/\/www.youtube.com\/embed\/ZO2AKFp6-iQ?feature=oembed\" frameborder=\"0\" allow=\"accelerometer; autoplay; clipboard-write; encrypted-media; gyroscope; picture-in-picture; web-share\" referrerpolicy=\"strict-origin-when-cross-origin\" allowfullscreen><\/iframe>\n<\/div><\/figure>\n","protected":false},"excerpt":{"rendered":"<p>Episode 5 L\u2019\u00e9glise La Nouvelle J\u00e9rusalem continue sa progression. Certaines personnes viennent de loin pour assister aux cultes \u00e0 Bruxelles. Le Pasteur Martin d\u00e9cide alors d\u2019ouvrir d\u2019autres assembl\u00e9es. La premi\u00e8re \u00e0 Anvers, ensuite \u00e0 Li\u00e8ge et dans beaucoup d&rsquo;autres villes de Belgique. Nous parlerons \u00e9galement de nos conventions nationales, qui sont le symbole fort de [&hellip;]<\/p>\n","protected":false},"author":1,"featured_media":0,"parent":0,"menu_order":0,"comment_status":"closed","ping_status":"closed","template":"","meta":{"_eb_attr":"","footnotes":""},"class_list":["post-1644","page","type-page","status-publish","hentry"],"featured_media_urls":[],"mfb_rest_fields":["gutenberg_elementor_mode","featured_media_urls"],"_links":{"self":[{"href":"https:\/\/www.lanouvellejerusalem.be\/index.php\/wp-json\/wp\/v2\/pages\/1644","targetHints":{"allow":["GET"]}}],"collection":[{"href":"https:\/\/www.lanouvellejerusalem.be\/index.php\/wp-json\/wp\/v2\/pages"}],"about":[{"href":"https:\/\/www.lanouvellejerusalem.be\/index.php\/wp-json\/wp\/v2\/types\/page"}],"author":[{"embeddable":true,"href":"https:\/\/www.lanouvellejerusalem.be\/index.php\/wp-json\/wp\/v2\/users\/1"}],"replies":[{"embeddable":true,"href":"https:\/\/www.lanouvellejerusalem.be\/index.php\/wp-json\/wp\/v2\/comments?post=1644"}],"version-history":[{"count":2,"href":"https:\/\/www.lanouvellejerusalem.be\/index.php\/wp-json\/wp\/v2\/pages\/1644\/revisions"}],"predecessor-version":[{"id":1647,"href":"https:\/\/www.lanouvellejerusalem.be\/index.php\/wp-json\/wp\/v2\/pages\/1644\/revisions\/1647"}],"wp:attachment":[{"href":"https:\/\/www.lanouvellejerusalem.be\/index.php\/wp-json\/wp\/v2\/media?parent=1644"}],"curies":[{"name":"wp","href":"https:\/\/api.w.org\/{rel}","templated":true}]}}